ulate the remainder when 34 is divided by j(10).
1
Suppose 0 = -3*u - 2*i, 5*u + 2*i = u. Suppose u = -4*m + m - 6, -5*s + 4*m = -253. What is the remainder when s is divided by (-82)/(-6) - (-4)/(-6)?
10
Suppose -176 + 536 = 10*b. What is the remainder when 105 is divided by b?
33
Suppose 0 = -3*t - 5*u + 2, 7*t - u = 11*t - 31. What is the remainder when 34 is divided by t?
7
Let l = 11 - -26. Calculate the remainder when 400 is divided by l.
30
Let o = 665 - 632. What is the remainder when 323 is divided by o?
26
Suppose 0 = -3*d - 0*d + 18. Let h be (0/2)/(6/(-3)). Suppose -4*p + h*p + 44 = 0. Calculate the remainder when p is divided by d.
5
Let m = 95 - 78. Let g(i) = -2*i + 10. What is the remainder when g(-17) is divided by m?
10
What is the remainder when 61 is divided by (0 + 3)/(((-162)/228)/(-9))?
23
What is the remainder when 10 is divided by 24/28*28/6?
2
Calculate the remainder when (-1299)/(-27) + (-6)/54 is divided by 39.
9
Suppose 2*c - 5*c + 153 = 0. Suppose -5*p - 20 = -3*v, -3*p + 4*p - 4 = -v. Suppose 114 + 16 = v*n. Calculate the remainder when c is divided by n.
25
Suppose 166 = -23*n + 25*n. Calculate the remainder when n is divided by 17.
15
Let s be (-2 + 17)*28/6. Let r = s + -59. Calculate the remainder when (52 - 0/1) + 0 is divided by r.
8
Let o be ((-6)/9)/(1 - (-329)/(-327)). Let t = o - 96. Calculate the remainder when t is divided by 10.
3
Suppose 3*n - 86 = 4*z, -2*z + 36 = -4*z - 2*n. Calculate the remainder when 22/z*-18*(42 - 37) is divided by 25.
24
Let f = 426 + -390. Calculate the remainder when 249 is divided by f.
33
Let i(h) = 11*h - 47. What is the remainder when 185 is divided by i(10)?
59
Suppose -2*w - 2 = -2*a - 2*a, -3*a = -9. Calculate the remainder when 87 is divided by w.
2
Suppose -m - 3*m = -52. Suppose -5*l = -l + 32. Let b = m + l. What is the remainder when 12 is divided by b?
2
Suppose 3*b - 137 = 70. Suppose 408 = -o + 35*o. What is the remainder when b is divided by o?
9
Suppose 4*p = 2*t + 58 + 74, 2*t - 54 = -2*p. Calculate the remainder when p is divided by 15.
1
Let r(h) = h**2 + 22*h - 47. Let w be r(-29). Suppose -21*u + 8*u = -w. Calculate the remainder when u is divided by 5.
2
Suppose 17*j - 19*j = -6. Suppose j*x = 284 - 17. Calculate the remainder when x is divided by 6.
5
Let a(d) = -3*d**2 + 12 + 4*d**2 + 15*d - 2*d**2. Let z be a(12). Let h = z - -33. What is the remainder when h is divided by 21?
18
Let n = 4968 - 4942. Let k(x) = 4 - 9*x**3 - x - 3 + 0*x. Calculate the remainder when k(-2) is divided by n.
23
Suppose 2*u - 3*k + 27 = 0, 0 = -2*u - u + k - 30. Calculate the remainder when 41 + u/((-9)/4) is divided by 23.
22
Suppose -7 + 319 = 3*c. Let g = c - 70. Calculate the remainder when g is divided by 9.
7
Let j = 124 + -88. Let o(m) = -2*m + 13. Let y be o(5). Suppose -3*b - 57 = -y*n - b, -3*b - 19 = -n. Calculate the remainder when j is divided by n.
17
Let n = 2778 + -595. What is the remainder when n is divided by 28?
27
Let m(n) = -n**2 - 11*n + 40. Calculate the remainder when m(-8) is divided by 20.
4
Let c = -554 - -576. What is the remainder when 63 is divided by c?
19
Suppose -5*o = 3*u - 161, -8*o = -2*u - 6*o + 102. What is the remainder when u is divided by 34?
18
Suppose 0*p + 430 = 2*p + z, -p - 5*z + 215 = 0. Suppose 2083 = 112*t + 327 - 1716. What is the remainder when p is divided by t?
29
Let c = -884 - -952. Let a(m) = m**2 - 7*m - 1. Calculate the remainder when c is divided by a(8).
5
Let t = 24 + -22. Suppose 0*z - z + 4*j - 4 = 0, -j - 27 = -t*z. Let c = -55 + 118. Calculate the remainder when c is divided by z.
15
Suppose -3*h = 5*h - 632. Suppose 6*z - h = 119. Calculate the remainder when 97 is divided by z.
31
Suppose 1 + 9 = 3*b + f, -3*b + 3*f + 18 = 0. Calculate the remainder when (-1)/1*(-4)/(b/25) is divided by 9.
7
Suppose 0*i + 4*i = 0. Let m be i/3 + 0/3. Suppose -f - 3*f + 76 = m. What is the remainder when 75 is divided by f?
18
Suppose -4346*d + 4347*d = 52. Let j(w) = 36*w**2 - w + 1. Let r be j(1). Let z = -9 + r. Calculate the remainder when d is divided by z.
25
Suppose -52 - 8 = -5*k. Suppose 675 = -3*y + 18*y. Calculate the remainder when y is divided by k.
9
Let m(u) = 11*u**2 + 14*u + 4. Let w(y) = 6*y**2 + 7*y + 2. Let i(k) = 4*m(k) - 7*w(k). Calculate the remainder when 48 is divided by i(-5).
14
Suppose -7*q + 12*q - 65 = -w, q = 2*w - 75. Calculate the remainder when 47 is divided by w.
7
Let w(z) = -z**3 + 6*z**2 - 1. Let d = -2 - -7. Let q = -136 + 207. Calculate the remainder when q is divided by w(d).
23
Suppose -425 + 353 = -12*k. Calculate the remainder when 21 is divided by k.
3
Suppose 3*o - 2 = -v + 6, 0 = -4*o + 4. Suppose 0 = -v*w + 24 - 9. Calculate the remainder when 9 is divided by w.
0
Suppose 3597 = c + 68*i - 67*i, 0 = 4*c + 3*i - 14388. Calculate the remainder when c is divided by 120.
117
Let b be ((-4)/(-2))/(88/1540). Suppose 0 = 2*h + h - 33. Let s = b - h. What is the remainder when 45 is divided by s?
21
Suppose -942 = 3*o - 105. Calculate the remainder when 179 is divided by 3/6 + -2 + o/(-6).
44
Let j(q) = 24*q**2 + 1. Suppose -3*h = -3*c - 24, 0 = -12*h + 14*h + 5*c - 23. Calculate the remainder when j(-1) is divided by h.
7
Suppose 26*r = 11*r + 4170. Calculate the remainder when r is divided by 14.
12
Let y be (24/14)/(5/35). Suppose 2*g - y = -2*g. Suppose -2*j = 3*j + 2*a - 147, -g*a = -3. Calculate the remainder when j is divided by 16.
13
Suppose 0 = -61*t + 1017 + 142. Let d = 1 + -1. Suppose z - 21 - 33 = d. Calculate the remainder when z is divided by t.
16
Let x = 717 - 683. What is the remainder when 1358 is divided by x?
32
Let i be -1 - (2/2 + -2). Suppose 6*t - 2*t - 40 = i. Suppose -t = -k - k. Calculate the remainder when 17 is divided by k.
2
Let y = -633 - -689. Calculate the remainder when y is divided by 3.
2
Let j be 326/3 + (-5)/(-15). Let b = -79 + j. What is the remainder when b is divided by 0 + 0 + 2 - -9?
8
Let c be 7/(-3) - 4/(-3). What is the remainder when 48 is divided by c*(-4 - 17 - -4)?
14
Suppose -n + 5*n - 136 = -4*z, 0 = 2*z + 3*n - 70. Suppose 738 + z = 5*q. Suppose 2*i + 5*i - q = 0. What is the remainder when 43 is divided by i?
21
Let m(a) = -a - 1. Let h(d) = 6*d + 6. Let o(l) = 2*h(l) + 11*m(l). What is the remainder when 44 is divided by o(12)?
5
Suppose -2*u = 3*s + 5, 0 = -u - s + 3*s + 15. Suppose 82 = u*z + 22. Calculate the remainder when 23 is divided by z.
11
Let b = 100 - 31. What is the remainder when b is divided by 18?
15
Suppose -25*u = -24*u - 6. Suppose -152 = -3*q + 5*s, -q + u*q - 320 = -5*s. Let j = -1 - -16. Calculate the remainder when q is divided by j.
14
Let w(r) = -14 + 32*r - 18 + 26 - 18. What is the remainder when w(4) is divided by 21?
20
Let h(m) = m + 10. Suppose 6 = -2*o + o. Let x be h(o). Suppose 0 = -3*c + 8 + x. Calculate the remainder when c is divided by 3.
1
Suppose 220*v - 194*v - 1222 = 0. Calculate the remainder when 440 is divided by v.
17
Suppose 3*b - 3 = -3*o, -3*o - 2 = -b - 13. Let x = b + 10. Let n(g) = 2*g**2 - 3*g + 2. Calculate the remainder when n(4) is divided by x.
6
Let x(s) = s + 15. Let o be x(-16). Suppose 3*h = 2*h - 28. Calculate the remainder when 20 is divided by 5/((-20)/h) - o.
4
Suppose 4*p - 288 = 4*x, -5*p + 4*x + 364 = x. Let i = -72 + p. What is the remainder when 16 is divided by i?
0
Suppose 0 = 2*j + 6, 3*i = 73*j - 71*j + 45. Calculate the remainder when 20 is divided by i.
7
Let j = 557 + -297. Suppose 82 = -2*a + j. What is the remainder when a is divided by 23?
20
Suppose 4*z = z + 4*f + 263, z = -2*f + 101. Suppose 10*w - 11*w = -z. What is the remainder when w is divided by 24?
21
Let b = -530 - -636. What is the remainder when b is divided by 4?
2
Suppose -4*m - 2 = -5*m. Suppose -3 = -m*a + 5. Suppose 0*j = -2*j - a*w + 56, -2*j = w - 53. What is the remainder when j is divided by 7?
5
Calculate the remainder when 108/24*(-222)/(-9) is divided by 30.
21
Calculate the remainder when 103 is divided by 9/(-54) + (-301)/(-6) + 2.
51
Let w = 11 - 19. Let p be (9/6)/((-4)/w). Suppose 2*m = p*m - 7. Calculate the remainder when m is divided by 2.
1
Suppose -2*u + 2*w + 50 = 0, -3*u - 3*w = -5*w - 78. Suppose 2*r = 5*d + 312, -5*r - 3*d + 172 + 670 = 0. What is the 